 a.
13, 31
Let n(x) be the third derivative of x**4/24 + 2*x**3/3 - 2*x**2. What are the prime factors of n(8)?
2, 3
Suppose -2*o - l = -89, 3*o + 4*l - 188 = -o. What are the prime factors of o?
2, 3, 7
Let p = 16 - 19. Let g = 4 - p. List the prime factors of g.
7
Let v(c) = -c**2 + 13*c - 10. Let w be v(9). List the prime factors of (-522)/(-13) - 4/w.
2, 5
Let g(d) = -7*d**3 + 6*d**2 + 3*d + 6. List the prime factors of g(-3).
2, 3, 5
Suppose 3*k - 291 = -24. List the prime factors of k.
89
Let s(j) = -25*j. Let t(o) = 12*o. Let g(f) = 2*s(f) + 5*t(f). Let a be g(1). Suppose -w + a = w. What are the prime factors of w?
5
Let n(k) = 72*k - 58. What are the prime factors of n(5)?
2, 151
What are the prime factors of 24/(-36) + 593/3?
197
Let s(c) = -c**3 + c**2 + c + 2. Suppose 4*t - 5*g + 4 - 22 = 0, -2*t = -4*g - 12. Suppose 2*w + 14 = 5*x, t*x - 2 = 2. What are the prime factors of s(w)?
2, 3
Suppose 0 = -m + 14 + 36. What are the prime factors of m?
2, 5
Let c = 18 + -11. List the prime factors of c.
7
Let u(w) be the first derivative of -w**4/2 + w**3 - w - 3. Let v be u(2). Let k = 13 + v. List the prime factors of k.
2
Suppose 2*f = 33 + 29. List the prime factors of f.
31
Let p(n) = -3*n**2 - 3*n - 2. Let g(j) = -j**2 + j. Let m(z) = -2*g(z) + p(z). Suppose -3*i + 2*f = -f - 3, -14 = i + 2*f. What are the prime factors of m(i)?
2
Suppose 4*r = a - 49, 3*r = 8*a - 3*a - 177. List the prime factors of a.
3, 11
Suppose -4*n - 11 = -5*u - 3, -5*u + 3*n = -6. Suppose -6*t + t + 60 = u. Suppose 4*z + t - 58 = v, 0 = -z + 2*v + 15. What are the prime factors of z?
11
Let k(n) = -n**2 - 5*n - 2. Suppose -2*g - 5 = 3*w + 5, 3*g = 4*w + 2. Let f be k(w). Suppose 54 = 5*b - x, -f*b = 4*x - 15 - 9. List the prime factors of b.
2, 5
Let c(g) = g**2 - 6*g + 12. Let i be c(4). Suppose i*a - 74 = 2*a + 5*m, -a + 5*m + 37 = 0. What are the prime factors of a?
37
What are the prime factors of (40/12)/((-3)/(-27))?
2, 3, 5
Let b = 78 - 72. What are the prime factors of b?
2, 3
List the prime factors of 1/2*(25 - 5).
2, 5
Let q = 5 + 25. Let n be -5*(-3)/(q/(-28)). What are the prime factors of 172/14 + 4/n?
2, 3
Suppose 5*o + 1 = 56. Suppose 5*i - 14 - o = 0. List the prime factors of i.
5
Let l be (-58)/(-18) + 22/(-99). Suppose -f = l - 13. List the prime factors of f.
2, 5
Let o be (1 + (-3)/2)*0. Let m(t) = 5*t**2 - 5*t + 11. Let n(d) = -3*d**2 + 3*d - 5. Let b(u) = 4*m(u) + 7*n(u). What are the prime factors of b(o)?
3
Let v(y) = 66*y - 34. What are the prime factors of v(4)?
2, 5, 23
Let b = 75 + 16. What are the prime factors of b?
7, 13
Suppose 0 = -q - c - 27, -3*c - 31 = 2*q + 22. Let t = -2 - q. What are the prime factors of t?
2, 13
Suppose -l - 60 - 72 = -3*v, -l = 3. Suppose -4*x - 3*k + v = 0, 5*k - 8*k = x - 13. What are the prime factors of x?
2, 5
Let w = 8 - 3. Let h(p) = -p**2 + 6*p - 2. Let m be h(w). Suppose -2*c - 18 = -m*c. What are the prime factors of c?
2, 3
List the prime factors of (-20)/110 + 1302/22.
59
Let p = 7 + -5. Let j(b) = -2 + 0 + 2*b**3 + p*b - b**3. What are the prime factors of j(2)?
2, 5
Let p be (42 + 2)/2 - -2. Let n = -14 + p. Let s = n + -2. List the prime factors of s.
2
Let h = 20 - -60. What are the prime factors of h?
2, 5
Let g(k) = k**3 + 7*k**2 - 9*k + 1. Let r be g(-8). Let c be 20/r - (-4)/(-18). List the prime factors of (-3)/c*80/(-15).
2
Suppose -8*b = -4*b - 36. Let i = b + -10. Let y(u) = -10*u - 1. List the prime factors of y(i).
3
Let m be (-2 - -28)/(0 - -2). Suppose -5 = -0*p - p. Let r = m - p. What are the prime factors of r?
2
Suppose 4 = -2*x - 0*x, 2*t - x = -12. Let a(c) = c**3 + 8*c**2 + 7*c + 6. What are the prime factors of a(t)?
2, 3
Suppose -5*q + 0*q + 10 = 0. Let i(g) = q - 8 + g - 4 + g. What are the prime factors of i(8)?
2, 3
Let j(t) = -1 + 0 + 2*t + 0*t - 3. What are the prime factors of j(6)?
2
Suppose 59 = 3*y - 1. List the prime factors of y.
2, 5
Let x be -6*1 + 0 + 0. Let d(j) be the third derivative of j**5/60 + j**4/4 + 4*j**3/3 - 2*j**2. What are the prime factors of d(x)?
2
Let a = -14 - -16. Let j(r) = 3*r**3 - r**2 + 2*r - 1. Let p be j(1). What are the prime factors of (-2)/(-4) + p/a?
2
Let s = -1 + 4. Let z(x) = x**3 - x + 2. Let y be z(s). Suppose 4*g - i = y, 0 = 2*g - 5*i - 3 - 1. What are the prime factors of g?
7
Let b(s) = 2*s**2 - 7*s + 29. List the prime factors of b(7).
2, 3, 13
Suppose 3*l + g - 554 = 0, 5*g - 910 = -7*l + 2*l. What are the prime factors of l?
2, 3, 31
Let u = -6 + 10. Let p = 7 - u. Suppose -p*h + 1 = -14. List the prime factors of h.
5
Let o be (216/28)/(12/56). Let b = 72 - o. What are the prime factors of b?
2, 3
Suppose -5*a = p - 24, 2*a + a - 16 = -p. Suppose 0 = a*s - 93 - 19. Suppose 3*h = -h + s. List the prime factors of h.
7
Let b(k) = k**3 + k**2 - 6*k - 6. Let j be b(5). Suppose 2*g - 5*g = -j. Suppose -4*n = -6 - g. List the prime factors of n.
11
Let s be (-15)/(-4) + (-3)/4. Suppose 10 = 3*l + 2*p - 7, 0 = 4*l - s*p - 17. List the prime factors of l.
5
Let n(s) = s**3 + 14*s**2 + 12*s - 1. Let m be n(-13). Suppose -t + 16 = 5*d, -19 = -5*d + 2*t - 6*t. Suppose -m = -d*r - 0. List the prime factors of r.
2
Suppose 2*c = 33 + 3. Let p be -3 + 1 + -3 + c. Let z = -2 + p. List the prime factors of z.
11
Let w be 2/9 - (-16)/(-72). Suppose 3*b + 3 = w, q + 5*b - 2 - 12 = 0. What are the prime factors of q?
19
Let z = 3 - -17. List the prime factors of z.
2, 5
Suppose -2*h = -23 - 147. Suppose 6*f - h = f. What are the prime factors of f?
17
Let t = -531 - -895. What are the prime factors of t?
2, 7, 13
Let r be 96/(-56) - 4/14. List the prime factors of 2/(r/3) - -7.
2
Suppose 0*h = -2*h + 6. Suppose -h*i = -34 + 4. Let b = i - 4. List the prime factors of b.
2, 3
Let q be -2 - 3/(-3) - -1. Suppose -2*a + 4 + 0 = q. Suppose -a*x + 10 = -0*x. List the prime factors of x.
5
Let a(z) = 2*z - 9. Let q be a(-7). Let w(g) = g**2 + 5*g - 6. Let h be w(-5). Let i = h - q. List the prime factors of i.
17
Suppose -3*h + 4 = 28. Let l be 23/1 - h/4. Suppose -3*y = 4 - l. What are the prime factors of y?
7
Suppose 12*l = 1693 + 95. List the prime factors of l.
149
Let f(q) = -2*q - 9. Let d(j) = j**3 + 8*j**2 + 8*j + 1. Let o be d(-7). Let l be f(o). Suppose l*x - 14 = 1. What are the prime factors of x?
5
Let j(t) = -1 + 26*t - 1 - 23*t. What are the prime factors of j(5)?
13
Let z(j) = j**2 - 9*j + 14. What are the prime factors of z(10)?
2, 3
Let i(q) = 3*q + 45. List the prime factors of i(7).
2, 3, 11
Let q(t) be the third derivative of t**6/120 - 2*t**5/15 - 5*t**4/12 - 11*t**3/6 + 2*t**2. Let g be q(9). Let b = -12 - g. List the prime factors of b.
2
Suppose -5*y + 62 = 3*f, -5*f + 97 = 3*y - y. Let r = f + -37. List the prime factors of 2/10 + r/(-10).
2
Let p(t) = t**2 - 5*t + 10. What are the prime factors of p(12)?
2, 47
Suppose -i + 6*i = 2*z + 16, 0 = -2*z + 4. List the prime factors of i.
2
Suppose 4*g - g - 6 = 0. Let q = 5 - g. Suppose q*p = 7*p - 40. List the prime factors of p.
2, 5
Let b(y) = 179*y**2 - y - 2. List the prime factors of b(-1).
2, 89
Suppose -4*n + 3*r + 343 = -119, -464 = -4*n + 2*r. Suppose 2*l + f = 5*l - 77, 5*l + 4*f = n. What are the prime factors of l?
5
Let q(t) = -t**3 - 2*t**2 + 8*t - 4. Let s be q(-6). Suppose -4*o + s = -2*o. List the prime factors of o.
2, 23
Let x(v) = v + 10. Let h be x(-7). Suppose g + h*g + 4*z = 252, -204 = -3*g + 2*z. Let s = g + -45. List the prime factors of s.
3, 7
Suppose 0 = 4*s + s. Suppose -b + 3 + 2 = s. Suppose 0 = r, b*a - 21 = -5*r - 1. List the prime factors of a.
2
Suppose 6*j - 200 = 2*j. Let t = j - 17. List the prime factors of t.
3, 11
Suppose 5*o - 3 = 4*o. Let m be (-42)/28*(-2)/3. Suppose 0 = x - m - o. What are the prime factors of x?
2
Let i = -2 + 5. Let m be (1*-2)/((-3)/i). Suppose a = 10 + m. List the prime factors of a.
2, 3
Suppose -4*t - 132 = -2*t. Let z be t/1*3/(-6). Let k = -23 + z. What are the prime factors of k?
2, 5
Let k(j) = -j**3 - 6*j**2 - 4*j + 2. Let u be k(-5). List the prime factors of (u + -1)*-1 - -8.
2, 3
Let a(d) = 4*d**2 + 22*d - 9. List the prime factors of a(-9).
3, 13
Suppose j = -j + 2*p + 160, 3*j = p + 236. List the prime factors of j.
2, 3, 13
Suppose -3*g + 10*g = 1162. What are the prime factors of 